e greatest common divisor of 150 and j?
75
Suppose 3*j + 1722 - 459 = 0. Let k = j - -685. Calculate the greatest common factor of k and 33.
33
Let i be 2/(-4) - 364/(-8). Let l = i - 32. Calculate the greatest common divisor of l and 117.
13
Let w be (-548)/(-1 - 1) + 2. What is the greatest common divisor of 12 and w?
12
Suppose 0 = -k - 2*i + 21, -11*k + 15*k - 59 = -3*i. What is the highest common divisor of 462 and k?
11
Let n be -4 - -1 - (-275)/11. Let q = -13 - -68. What is the greatest common factor of n and q?
11
Let w be ((-16)/(32/33))/((-3)/6). Calculate the greatest common divisor of 15 and w.
3
Let l = 294 + -291. Calculate the highest common factor of 16 and l.
1
Let m be (9 + -1)/(28/(-14)). Let v(q) = -q + 1. Let i(z) = -1. Let t(d) = -4*i(d) + v(d). Let k be t(m). Calculate the greatest common divisor of k and 27.
9
Let u be (87 - (8 - 5))/2. Calculate the highest common factor of u and 357.
21
Suppose 0 = r - 49 - 68. Suppose 0 = 5*k - 2*k - 96. Let o = k - 19. What is the greatest common factor of o and r?
13
Let u be (7 - -3) + -5 - (0 - 0). Suppose -q + 5*q + 2*i - 16 = 0, -35 = -u*q + 5*i. Calculate the greatest common divisor of q and 2.
1
Let w be (-4 + 3)*23*-14 + 1. Calculate the highest common factor of 76 and w.
19
Suppose 0 = -2*x + 2*p + 26, 0 = 5*x - 3*p - 32 - 39. Let i be (2 + -1 + -2)*-64. What is the greatest common factor of i and x?
16
Let a be (18/5)/(90/6600). What is the highest common factor of a and 12?
12
Let o(y) be the second derivative of -y**3/3 + 12*y**2 - 20*y. Let v be o(4). Calculate the greatest common factor of v and 80.
16
Suppose 0*a = 2*a. Suppose a = 2*r + 4*i + 50, i = -5*r - i - 85. Let u be 1446/15 + 6/r. What is the highest common factor of u and 12?
12
Let n(w) = 10*w**2 + 18*w - 22. Let x be n(7). What is the greatest common factor of x and 54?
54
Let j = 52 - 52. Let d be j - (-156 - (5 + -1)). What is the highest common factor of d and 32?
32
Let c(j) = 2*j**2 + 38*j - 4. Let v be c(-21). Calculate the greatest common divisor of v and 32.
16
Let v(t) = 17*t**2 - 3*t - 2. Let i(u) = u**3 - 8*u**2 - u + 5. Let y be i(8). Let n be v(y). Let f = n - 88. What is the greatest common factor of f and 8?
8
Let y(j) = -3*j + 48. Let b be y(7). Suppose b*q = 30*q - 210. What is the highest common divisor of 20 and q?
10
Suppose 0 = 4*a + 4*s - 16, -5*a + 4*s = 3*s - 38. Let w(p) = -p**3 + 7*p**2 + 2*p - 5. Let z be w(a). Calculate the highest common divisor of z and 1.
1
Let u(m) = 5*m**2 + m + 1. Let z be u(1). What is the highest common factor of z and 91?
7
Suppose -10 + 0 = -10*t. Suppose 0*f = -2*f + 6. Calculate the highest common factor of t and f.
1
Let b be (-26*(-36)/(-8))/(-1 - 0). Calculate the greatest common factor of 26 and b.
13
Let f = 69 - 66. Suppose -t + 53 = 2*k, k + 59 = 3*k + f*t. What is the greatest common factor of 5 and k?
5
Let w(n) = -31*n**3 + 6*n**2 + 10*n + 4. Let m be w(-2). Calculate the highest common factor of m and 320.
64
Suppose 7 = 3*k - 182. What is the highest common factor of k and 42?
21
Suppose f - g - 6 = 19, 5*g = -2*f + 71. What is the highest common divisor of 35 and f?
7
Let y(f) = 3*f + 69. Let n be y(26). Let o = -10 - -31. Calculate the highest common divisor of o and n.
21
Suppose 0 = -19*m + 20*m + 2*l - 65, -4*l = -16. What is the highest common factor of 171 and m?
57
Let k be (-14312)/(-6) - 20/15. What is the highest common factor of 16 and k?
16
Let l = 2594 + -2490. Let a(p) = 39*p. Let v be a(2). What is the greatest common divisor of l and v?
26
Let h(o) = -22*o - 2. Let a be h(-5). Suppose 5 = 2*q + 45. Let v = 7 - q. What is the greatest common divisor of a and v?
27
Let a = -31 - -34. Let p be (-70 - a - 3)*-1. What is the highest common factor of 19 and p?
19
Let y = -37 + 65. Suppose -3*z + y + 137 = -5*w, -w = -4*z + 220. Calculate the greatest common divisor of 11 and z.
11
Let b(q) = -62*q - 431. Let k be b(-10). What is the highest common divisor of 105 and k?
21
Let a = 172 - 108. Let g be ((-154)/4)/((-16)/a). Let b(i) = 2*i**2 + 7*i - 1. Let z be b(-5). Calculate the highest common divisor of g and z.
14
Let u(i) = 2*i + 6. Let m be u(5). Let t = -877 - -909. What is the highest common divisor of t and m?
16
Let y = -16 - -34. Let n be -3 - 48/((-8)/2). Suppose 4*r + n = 5*r. What is the highest common factor of r and y?
9
Let b be (-2)/(-3) - (-4)/(-6). Suppose 3*m - 4*m + 3 = b. Let a be 2 + (m - -12) + -2. What is the highest common divisor of a and 6?
3
Let m = -118 + 126. What is the greatest common factor of m and 88?
8
Let z be 1/((-1)/4 - (-2450)/9576). What is the greatest common factor of 19 and z?
19
Let a be ((-58)/8)/((-1)/4). Suppose -4*q + j = -116, 2*j = -3*q - a + 116. Let t = -3074 + 3132. Calculate the highest common factor of q and t.
29
Let a be (-75)/2*(-176)/20. Suppose -8 + 23 = 3*d. Suppose 3*u + u + 90 = 3*k, -3*k - d*u + 90 = 0. What is the greatest common divisor of k and a?
30
Suppose -11*b + 108 = -13. Let u = -158 - -279. Calculate the highest common divisor of b and u.
11
Let t be (-35)/14*4*(1 + -2). Suppose -4*h + t = -u, 5 = 5*u - u - h. What is the highest common factor of 3 and u?
1
Suppose 0 = 4*g - g - 12. Suppose -g*u + 200 = 5*o - 0*o, 5*o = -u + 50. Calculate the highest common divisor of 10 and u.
10
Let a be 6/4 - (-25)/50. Let v(o) = -o**3 + 3*o**2 - o - 1. Let c be v(2). Let q be (-15 + c)/((-1)/1). Calculate the greatest common divisor of a and q.
2
Let k(u) = 22*u**2 + 11*u - 37. Let v be k(-5). Calculate the highest common divisor of v and 2.
2
Suppose 0 = -164*j + 163*j + 14. Calculate the highest common factor of j and 49.
7
Let m = 308 + 173. Suppose 1381 = 20*g + m. Suppose 0 = 4*a - 4*d + d - 63, d + 87 = 5*a. Calculate the greatest common divisor of a and g.
9
Let l be 6 - (0 - -1 - (8 - 8)). Suppose 3*o + 3 = 0, 285 = -0*h + 5*h - l*o. What is the highest common divisor of 84 and h?
28
Suppose -56*w = -29075 + 851. Calculate the highest common divisor of 189 and w.
63
Suppose f - 2*f = 4*j - 55, 0 = 5*f - 4*j - 323. What is the greatest common divisor of f and 54?
9
Let a = -18 + -19. Let w = 45 + a. Let s = -6 + 14. Calculate the highest common factor of s and w.
8
Let o = 35 - 6. Let z(l) = -30*l + 53. Let c be z(-5). What is the highest common factor of c and o?
29
Suppose 6*h + 4 = -20. Let d be 4/16*2 + (-6)/h. Calculate the highest common factor of d and 5.
1
Suppose 179 + 616 = 5*s. Suppose 0 = -2*r + 5*i + s, -7*i + 4*i + 199 = 2*r. Calculate the greatest common divisor of r and 23.
23
Suppose -b - 4*b - 3*m = 0, 3*m = 0. Suppose b = -u + 2. Suppose 4*j - 4*c - 24 = -8*c, 4 = c. What is the greatest common divisor of u and j?
2
Let c be 80*7*2/28. Calculate the highest common divisor of 10 and c.
10
Suppose -2*z = 2*q - 626, -3*z + 5*z - 611 = 3*q. Calculate the greatest common factor of z and 62.
62
Suppose 2*z - 26 = -0*z. Suppose -49 = -2*u - z. Calculate the greatest common factor of u and 6.
6
Let b be -2 + (-7 - 95 - (0 - 2)). Let s = b + 122. What is the highest common factor of s and 90?
10
Let x be 39/2*4/6. Suppose 0 = -5*s - 4*f - 1466, -f + 1474 = -5*s + 3*f. Let n = -190 - s. What is the greatest common factor of n and x?
13
Suppose 0*x - 12 = 6*x. Let n be -1 + x/((-8)/228)*1. Let h(t) = 6*t**3 + 2*t**2 - 1. Let u be h(1). What is the greatest common divisor of n and u?
7
Suppose 9*h - 54 = -9. Suppose -4*p + 5*p - 60 = 0. What is the highest common factor of p and h?
5
Let a(v) = 5*v**2 - 18*v + 17. Let g be a(13). Suppose -18*k + g + 380 = 0. Calculate the highest common factor of 16 and k.
8
Suppose -6*m = -5*v - 0*v + 4, 3 = -m + 2*v. Let h(d) = -d**2 + 7*d - 5. Let s be h(4). Calculate the greatest common factor of m and s.
1
Suppose 3*o - 5*f = -202, -f + 1 + 4 = 0. Let l = -34 - o. Let i = 240 - 165. What is the highest common divisor of i and l?
25
Suppose -91*b + 64*b = -594. What is the greatest common factor of b and 825?
11
Let f be 2/(-4) - (-325)/2. Calculate the highest common divisor of f and 108.
54
Suppose 3*f + 12 = 0, -3*n - 14*f + 9*f + 70 = 0. What is the highest common divisor of n and 270?
30
Let q(w) = -w**2 + 8*w - 5. Let j be q(6). Suppose 9 = 2*d - j. Calculate the highest common factor of 56 and d.
8
Supp